= 5*c - 57, -4*c = -4*x - p. Suppose -4 = -f - 5*s + c, 2*f + s = 34. What is the remainder when 50 is divided by f?
16
Let k(d) = 23*d**2 - d - 1. What is the remainder when 67 is divided by k(-1)?
21
Let d = -5 + 15. What is the remainder when 17 is divided by d?
7
Suppose -3*f + 8 = -1. Suppose 23 + 25 = f*c. Suppose -5*o + c = -34. Calculate the remainder when 29 is divided by o.
9
Let i be 78 + (1 - 1)/2. Suppose -2*q + i = -0*q. Let d = 47 - 33. Calculate the remainder when q is divided by d.
11
Let w(f) = 7*f. Calculate the remainder when w(2) is divided by 5.
4
Let f(v) = -v**2 + 8*v - 4. Let i be f(7). What is the remainder when i/(-6) + 102/4 is divided by 9?
7
Let k = 25 + -37. Calculate the remainder when 8/(-6)*k - -3 is divided by 5.
4
What is the remainder when -2 - 32/(-14) - (-360)/14 is divided by 8?
2
Suppose -225 = -6*n - 3*n. What is the remainder when 48 is divided by n?
23
Let i = -19 - -30. What is the remainder when 39 is divided by i?
6
Suppose 26 = 4*w - 2. Let p = 47 + -27. Calculate the remainder when p is divided by w.
6
Let p(z) = -8*z - 9. Suppose -8*r + 4*r - 300 = 0. Let a = -54 - r. What is the remainder when p(-6) is divided by a?
18
Let a(z) = z - 12. Let j be a(5). Let o = j + 29. Suppose -i + o = i. What is the remainder when i is divided by 4?
3
Suppose 0 = -3*k + 24 + 21. Calculate the remainder when k is divided by 8.
7
Let d be (-24)/(-10) + 8/(-20). Let i = 8 - 6. Suppose -i = -d*s + 10. Calculate the remainder when 11 is divided by s.
5
Let m(s) = -s**3 + 9*s**2 + 10. Let v be m(9). Let y = 99 - v. What is the remainder when y is divided by 23?
20
Let j = -1 - -15. What is the remainder when 46 is divided by ((-96)/28)/((-2)/j)?
22
Suppose 23 - 239 = -9*l. Calculate the remainder when l is divided by 5.
4
Let l be (0/4)/((-4)/2). Suppose -6*g + 3*g - 6 = l. Calculate the remainder when 3 - 5*(g - 1) is divided by 7.
4
Suppose -a = -10 - 5. Suppose 0 = -4*u + 3*d - 52, -4*u - u - 58 = -2*d. Let s(i) = i**2 + 6*i + 2. Calculate the remainder when s(u) is divided by a.
12
Let v = 7 - 3. Suppose -v*k = -13 - 35. Calculate the remainder when 35 is divided by k.
11
Let u = -7 + 16. Calculate the remainder when u is divided by 3.
0
Let j = 73 + -15. Calculate the remainder when j is divided by ((-19)/114)/((-2)/(-8))*-30.
18
Suppose 3*q + 21 = 2*d, 12 = d - 0*q - q. Calculate the remainder when d is divided by (6/4)/((-27)/(-144)).
7
Let g be 6/(-3)*6/4. Let t = g + 23. Calculate the remainder when 37 is divided by t.
17
Let z = 183 + 3. Suppose 2 + 6 = 2*x. Calculate the remainder when z/14 + x/(-14) is divided by 8.
5
Suppose -8 = g - 20. Let l(j) be the second derivative of -7*j**5/20 - j**3/6 - j**2/2 + 3*j. What is the remainder when g is divided by l(-1)?
5
Suppose 5*k - 82 = 5*s + 23, -4*k + 69 = s. Calculate the remainder when 35 is divided by k.
17
Let r = -105 - -280. What is the remainder when r is divided by 46?
37
Let g = 46 - 39. What is the remainder when 95 is divided by g?
4
Let d(f) = -47*f**3 - 2*f - 2. What is the remainder when 187 is divided by d(-1)?
46
Suppose -21 + 133 = 4*k. Calculate the remainder when 137 is divided by k.
25
Calculate the remainder when 5 is divided by 4/3*6/4.
1
Suppose 0 = -5*t - 15 - 5. Let f = 0 - t. What is the remainder when 1/4 - (-7)/f is divided by 1?
0
Let w(o) = 2*o**2 - 8*o - 6. Let g = -43 + 53. Calculate the remainder when w(6) is divided by g.
8
Let o = -1 + 4. Let d be -2 + o + 0 + -5. Calculate the remainder when 20*((-17)/d + -3) is divided by 9.
7
Suppose 5*y - 118 - 72 = 0. Suppose -4*q + 0*q = -52. Calculate the remainder when y is divided by q.
12
Let p(q) = q**3 - 8*q**2 + 2*q + 2. Suppose h - 2 = -23. Let t = 29 + h. Calculate the remainder when 53 is divided by p(t).
17
Suppose 26*n - 24*n = 6. Calculate the remainder when 3 is divided by n.
0
Let b = 0 - -5. Suppose 2*d = -2 - 2. Let v = b - d. What is the remainder when v is divided by 3?
1
Suppose 6 = 9*o - 12. Suppose 48 = 2*h + o*h. Calculate the remainder when (1 + -10)/(2/(-10)) is divided by h.
9
Let u = -14 + 25. Calculate the remainder when u is divided by 7.
4
Suppose -3*f = -133 - 11. Suppose -148 = -4*z - f. What is the remainder when z is divided by 13?
12
Let a(q) = -8*q + 8. What is the remainder when a(-10) is divided by 15?
13
Let c(g) = g**2 + 3. What is the remainder when 69 is divided by c(3)?
9
Let p be (-1)/5 - 1/(-5). Suppose 2*g = 30 - p. Suppose -2*a + 26 - 10 = 0. What is the remainder when g is divided by a?
7
Let a(b) = -3*b**3 - 7*b**2 + 2*b + 4. Calculate the remainder when (-1)/4 - 189/(-4) is divided by a(-3).
15
Calculate the remainder when (-512)/(-5) - 2/5*1 is divided by 15.
12
Let q = 23 + -1. Suppose -42 = -6*i + 3*i. Let y = i - 2. What is the remainder when q is divided by y?
10
Let j be (-1)/2*7*-2. Let u = j + -5. Calculate the remainder when 3 is divided by u.
1
Let z(t) = -2*t - 4. Calculate the remainder when z(-11) is divided by 7.
4
Let k = 181 - 126. Let p = k - 39. What is the remainder when 31 is divided by p?
15
Suppose 5 + 1 = s. Let v(i) = -i**3 + 6*i**2 + 2*i - 6. Let a be v(s). Suppose 0 = -2*w + a - 2. Calculate the remainder when w is divided by 1.
0
Suppose 0 = -5*z, 4*z - 2*z = 5*n - 300. What is the remainder when n is divided by 22?
16
Let t be 5/4*(-4)/1. Let a(l) = -l**3 - 3*l**2 + 4*l + 7. Calculate the remainder when a(t) is divided by 19.
18
Suppose 10 = 4*o + k, -o - 5 = -4*k + 1. What is the remainder when 7 - (3 + 18/(-6)) is divided by o?
1
Suppose -449 = -7*w - 169. What is the remainder when w is divided by 15?
10
Let t = -19 + 39. What is the remainder when t is divided by 7?
6
Let c(z) = -2*z - 10. Suppose -5*r - 42 + 18 = 4*p, -2*r + p - 20 = 0. Let o be c(r). What is the remainder when 8 is divided by (o/10)/(2/10)?
2
Let a = 4 + 65. What is the remainder when a is divided by 24?
21
Let t(i) = i**2 + 2*i + 10. Calculate the remainder when 49 is divided by t(-5).
24
Suppose -3*z = -11 - 82. Let p = 18 - -41. What is the remainder when p is divided by z?
28
Let i(b) = -b + 1. Let l be i(-1). Suppose -l*j = 3*h - 68, 0 = 3*h + 11 - 5. What is the remainder when j is divided by 13?
11
Let y(n) = n**3 - 4*n**2 - 2*n - 2. Let x be y(5). Suppose -x = -3*g + 5. Calculate the remainder when 16 is divided by 166/18 - g/27.
7
Let r(n) be the second derivative of -n**3 + n**2 - 3*n. Let j be (-2)/(-2) - (-12)/(-2). What is the remainder when r(j) is divided by 17?
15
Let z(s) = s**2 - 7*s - 15. Let v(f) = 39*f - 1. Let n(q) = 38*q - 1. Let p(j) = -6*n(j) + 7*v(j). Calculate the remainder when p(1) is divided by z(-3).
14
Suppose -8*u + 50 + 94 = 0. What is the remainder when 107 is divided by u?
17
Calculate the remainder when (-6)/(-9)*(8 + 19) is divided by 10.
8
Let w(u) = u**2 - 2*u. Suppose 5*q + 0*g + 3*g + 7 = 0, 3*q = -3*g - 9. Let h be w(q). Let y(n) = -7*n**3 - n. What is the remainder when 31 is divided by y(h)?
7
Let q be 3*((-165)/(-9) + -1). Suppose 5*b + l + 2*l = 72, 3*b + 4*l - q = 0. What is the remainder when 10*2/(12/27) is divided by b?
9
Let a(i) = 2*i + 12. Let y be a(-8). Let j = y - -34. What is the remainder when j is divided by 8?
6
Let y be 0 - -3 - (-1 + -1). Suppose -y*x + 11 = 1. Suppose 0 = -x*l + 62 + 12. What is the remainder when l is divided by 19?
18
Suppose -28 = -2*j + 4*i, -2 = 2*j - 2*i - 22. Let a(d) = 4*d - 6. What is the remainder when 52 is divided by a(j)?
16
Let h = 5 + 2. Let n(r) = -r**2 + 3*r - 6. Let k be n(h). What is the remainder when 48 is divided by 1*k*(-4)/8?
14
Let w(b) be the first derivative of 19*b**3/3 - b**2/2 - b + 2. Calculate the remainder when 72 is divided by w(-1).
15
Let z(f) = -f**2 + 9*f + 12. Let h be z(9). Let i(m) = 23*m**3 - m. What is the remainder when i(1) is divided by 104/h + 2/(-3)?
6
Let w = 24 + -15. Calculate the remainder when 24 is divided by w.
6
Let j(n) = -2*n - 5. What is the remainder when j(-11) is divided by 5?
2
Suppose -2*f - 20 = 5*n - 6, -3*f - n + 5 = 0. Suppose 0 = -f*p + 86 + 34. What is the remainder when p is divided by 14?
12
Suppose -s + 5 + 4 = 0. Let t = 47 - 12. Calculate the remainder when t is divided by s.
8
Let i = 1 + 1. Let d(x) = 3*x**2 - 3*x. Calculate the remainder when 11 is divided by d(i).
5
Let z(s)